of c(k)?
2
Let a be ((-6)/8 + 0)*-28. Let i = a - 4. What is the units digit of i?
7
Suppose -2*i = z - 172, -2*z + i + 860 = 3*z. What is the hundreds digit of z?
1
Let i(a) = -a**3 - 9*a**2 - 8*a - 1. Let r be i(-8). Let j be -1*r*(-5)/(-1). Suppose 0 = -6*k + k + j. What is the units digit of k?
1
Let f(o) = -o**3 - 4*o**2 + 6*o + 4. What is the units digit of f(-7)?
9
Suppose q = -1 - 2. Let r be (-1)/q + 8/3. Suppose -r*u - 27 = -5*o, 2*o + 0*u - 13 = -u. What is the units digit of o?
6
Let v(b) = -b**3 - 13*b**2 - 11*b - 11. Let t be v(-13). Suppose 2*i - t = -i. What is the tens digit of i?
4
Suppose 2*z + i - 33 = 0, -3*z - 3*i - 36 = -6*z. What is the tens digit of z?
1
Suppose 0 = -8*v + 2*v + 306. What is the tens digit of v?
5
Let r be 3 + (5 + -2 - 3). Suppose -26 = -5*o + 4*i, 0*i + 14 = -o - 4*i. What is the units digit of (5 - o)*4/r?
4
Let u = -1 + -2. Let w be (-3)/(-9) - 98/u. What is the units digit of (-2)/3 - w/(-9)?
3
Suppose 2*n - 2 = 0, 21 = 2*f - 5*n + 2. Suppose 3*d - 9 - f = 0. What is the units digit of d?
7
Suppose 3*n - 4 = -2*s, -2*s - s = -2*n - 6. Let l(t) = 7*t**s + 0*t**3 - t**3 - 10*t + 0 - 6 + 5*t**2. What is the units digit of l(11)?
5
Let d be (1/3)/(2/6). Suppose 2*y = 3*p + 5, -d = -2*y + 2*p - 3*p. Let u(c) = 5*c + 1. What is the units digit of u(y)?
6
Let h(f) = 6*f - 26. Let t(s) = -2*s + 9. Let q(i) = 4*h(i) + 11*t(i). Suppose 4*m + g - 4*g - 12 = 0, -2*g + 14 = m. What is the units digit of q(m)?
7
Suppose f + 0 - 2 = 0. Suppose -3*n = -4 - f. What is the units digit of n?
2
What is the units digit of 21 - (-2 + (0 - 0))?
3
Suppose 0 = -6*q + 2*q. Suppose 4*v = 2*a - 10, v = 2*a + a - 10. Suppose q = 3*r - 0 - a. What is the units digit of r?
1
What is the units digit of (-1542)/(-30) - (-6)/(-15)?
1
Let p = 4 - 4. Suppose p = 2*w - 5 + 1. What is the units digit of w?
2
Let f(c) = -c**3 - 2*c**2 + 4*c - 7. Let r be f(-5). Let p be (-546)/22 + (-6)/33. Let b = r + p. What is the units digit of b?
3
Let s(c) = c**2 - 7*c - 25. What is the units digit of s(15)?
5
Let s = 111 - 37. What is the tens digit of s?
7
Let f(g) = g**3 - 6*g**2 - 7*g + 5. Let d(o) = o**3 + 7*o**2 - o - 3. Let z be d(-7). Suppose 7*j = z*j + 21. What is the units digit of f(j)?
5
Suppose -5*c + 3*c + 6 = 0. Suppose -2*z + 60 = c*z. Suppose z = 3*b, -2*p = -4*p + 4*b - 12. What is the units digit of p?
2
Let n = 25 + -27. Let r(g) = -2*g - 3. Let b be r(-3). What is the units digit of (b/n)/(6/(-8))?
2
Let c(n) = 3*n**2 - n + 1. Let v be c(1). Let f(m) = 8*m - 2. What is the units digit of f(v)?
2
Suppose -15 = -2*x + o, 2*x + 5*o + 3 + 12 = 0. Suppose -x*u + a = 102, -3*a + 25 = 4*u + 118. What is the tens digit of (-98)/u*36/14?
1
Let d(o) = -o**3 - 8*o**2 + 20*o + 53. What is the tens digit of d(-10)?
5
Suppose 0 = -4*j - 4*l - 24, l + 2*l = -j + 2. What is the tens digit of 3/(-5)*4*j?
2
Suppose -x = 3*j + 13, 0*j + 4*j + 11 = 5*x. Let b be (-27)/6*(1 - x). Let s = 13 + b. What is the units digit of s?
4
Let v be (10/4)/((-60)/(-48)). Let k(y) = 4*y - 6. Let c be k(6). Suppose 2*w - c = v. What is the units digit of w?
0
Let y(b) = b**2 + 0*b**2 - b + 3*b - 2*b**2 + 1. Let j(z) = z**2 + 9*z + 10. Let t be j(-8). What is the units digit of y(t)?
1
Suppose 6*v - 528 = -2*v. What is the tens digit of v?
6
Let s(l) = -7*l - 33. Let u(a) = -11*a - 50. Suppose 0 = -2*k + 6 + 4. Let x(z) = k*u(z) - 8*s(z). What is the units digit of x(-7)?
7
Let w = 649 - 326. What is the tens digit of w?
2
Let a(w) = 44*w**2 + 1. Let z be a(-1). Let j = -27 + z. What is the units digit of j?
8
Suppose 0 = 4*b - 3*h + 7, 5*b + 11 = -0*h + 3*h. What is the units digit of (b/(-6))/((-5)/(-60))?
8
Let i(f) = f**2 + 9*f + 6. Let g be i(-7). Let w(r) = r**2 + 8*r - 9. Let q be w(g). Let y(j) = j**3 + 8*j**2 - 12*j - 13. What is the tens digit of y(q)?
1
Suppose x = -1, 596 = 5*j + x - 2*x. What is the hundreds digit of j?
1
Suppose 42 = 2*a + 3*f, 4*f - 7 = -a + 9. What is the tens digit of a?
2
Suppose -312 = -4*t - 2*t. What is the tens digit of t?
5
Let v be 28/6 + (-1)/(-3). Suppose 12 - 32 = v*y. Let i(p) = p**2 + 2*p + 1. What is the units digit of i(y)?
9
Suppose 2*h + 4 = -0*h. Let m(y) = 2*y**3 - 2 - 4*y**3 + 4 + 2*y. What is the units digit of m(h)?
4
Let o = 94 + -52. What is the units digit of o?
2
What is the tens digit of -16 + 67 - (3 + 0)?
4
Suppose 3*f + 3*a - 111 = 0, -5*a + 35 = 4*f - 118. What is the units digit of f?
2
Suppose -5*c - q = -614 - 111, -169 = -c - 5*q. What is the units digit of c?
4
Let p = -53 - -151. What is the tens digit of p?
9
Let k(f) = -f**2 + 3*f + 2. Let i be k(3). Suppose 6*u - i*u - 2*m = 0, 5 = -3*u - m. What is the units digit of 3 + u + 16/2?
0
Let n(j) = 8*j**2 + j - 3. Let h(x) = -7*x**2 - x + 3. Let w(v) = 7*h(v) + 6*n(v). Let k be w(0). Let s = 9 - k. What is the units digit of s?
6
Suppose 5*p = -3*d + 471, -5*p + d + 693 = 230. What is the tens digit of p?
9
Let v(t) = 5*t - 8*t + 2*t**2 + t**3 + 5*t**2 - 9. Let z be v(-7). Let f = z - 4. What is the units digit of f?
8
Suppose 23 = 2*c - 65. Suppose 2*p + 16 = c. What is the tens digit of p?
1
Suppose 0 = -0*o + 2*o - 6. What is the units digit of o?
3
Suppose -d = -3*n + 37, 6*d = 3*n + 3*d - 33. What is the tens digit of n?
1
Suppose 3*h + 2*h = 20. Suppose -3*a + h*a = 1. Let b(k) = 2*k**2 + k - 1. What is the units digit of b(a)?
2
Let v = -6 - -22. Let h be 52/6 - (-2)/6. Suppose 5*t = v + h. What is the units digit of t?
5
Let g(m) = -m**2 - 5*m - 1. Let f be g(-5). Let a = f + 9. Suppose 3*c + a = 5*c. What is the units digit of c?
4
Suppose 0 = -4*v - 4 - 4, 0 = 3*u - 3*v - 198. What is the units digit of u?
4
Let k(v) be the third derivative of -5*v**4/24 + v**3/2 + v**2. What is the tens digit of k(-3)?
1
Suppose 58 = -3*q + 259. What is the tens digit of q?
6
Let z(i) = 4*i + 5. Let m(q) = 3*q + 4. Let g(s) = -6*m(s) + 5*z(s). Let f be g(2). Let x(l) = l**3 - 5*l**2 + l + 2. What is the units digit of x(f)?
7
Let d = -141 + 233. What is the tens digit of d?
9
Suppose 6*g - 100 = g. Let i be 390/g + 2/4. What is the units digit of (15/(-10))/((-6)/i)?
5
Let j = -10 + 6. Let h(q) = -q**3 + 1. Let z(m) = -7*m**3 - 3*m**2 + 4*m + 3. Let b(l) = 6*h(l) - z(l). What is the units digit of b(j)?
3
Let c(g) = 26*g**3 + g**2 - g. Let a(l) = l + 8. Let f be a(-7). Let q be c(f). Let p = q - 17. What is the units digit of p?
9
Let q be 4/(-18) - 92/(-9). Let b = q - 1. What is the units digit of b?
9
Suppose 8 = 3*g - 7. Suppose 0*s - 2 = -3*s - t, s - 4*t = g. Suppose 0 = 2*w + 6, s = -l - 2*w - 1. What is the units digit of l?
4
Let x = 3 + 0. Suppose -88 = -x*o - z, 4*o = z + 2*z + 126. What is the tens digit of o?
3
Let v = 110 - 68. What is the units digit of v?
2
Let p = 3 + 1. What is the tens digit of (-4)/4 + p*3?
1
Let l be (-4)/(-8) - (-174)/(-4). Let d = l - -85. What is the tens digit of d?
4
Suppose 0 = -5*o - 5*n + 1175, -o + 239 - 19 = 4*n. What is the tens digit of o?
4
Let y = -11 + -10. Let x = -30 - y. Let b = x + 17. What is the units digit of b?
8
Suppose 2*b - 3 = 5. Suppose -i = -2*p - 2*i + 36, -3*p = b*i - 44. What is the tens digit of p?
2
Let z be (-4)/(-6)*-3*-1. Suppose 2*h - z = h. What is the units digit of ((-2)/(-1) - 0)*h?
4
Suppose -4 = -3*t + t. Suppose 4 = -u + t*u. What is the units digit of 1 + (-3)/(-3) + u?
6
Let l(n) be the second derivative of -n**3/6 + n. What is the units digit of l(-3)?
3
Let x(t) = t + 15. What is the tens digit of x(7)?
2
Let w be 40/12*6/(-5). Let a(r) = -1 + 19*r**2 - 4 - 18*r**2 - 2*r. What is the units digit of a(w)?
9
Suppose 0 = -8*i - 0*i + 16. What is the units digit of i?
2
Let b(h) = -18*h**2 + 17*h**2 + 22*h**3 + h - 9*h**3. Let x be 1 + (-2 + 1 - -1). What is the units digit of b(x)?
3
Suppose -23 - 27 = 5*n. What is the tens digit of 6/n - (-156)/10?
1
Suppose -5*n = -1 - 19. Suppose 18 = n*x - 10. What is the units digit of x?
7
Suppose 127 + 28 = 5*w. What is the tens digit of w?
3
Let b(h) = 10*h + 12. Let x(c) = -c - 1. Let s(o) = -2*b(o) - 18*x(o). Let u be s(-4). What is the units digit of (0 - -1)*2/u?
1
Let v = -1 - 7. Let y(o) = -o**2 - 10*o - 7. What is the units digit of y(v)?
9
Let i(a) = a**3 + 10*a**2 + 8*a - 8. Suppose 2*z - 1 = v + 7, 0 = -2*z - 5*